)/(-2))*(-50)/25. Let d(u) = -17*u + 4. Let v(o) = a*d(o) - 3*b(o). Calculate v(-1).
18
Let r(b) = 9 - 3 + 0*b - b**2 + 3*b. Let f = 4 - 5. Let y = f + 6. Give r(y).
-4
Let l = 49 + -47. Suppose -d - 3*h - 21 = 0, -2*h - 34 = l*d + 2*d. Let f(r) = 1 + 3*r - 4*r + 2*r. Give f(d).
-5
Let y be ((-70)/(-49))/(2/14). Let q(j) = -j**3 + 11*j**2 - 11*j + 13. Let b be q(y). Let l(w) = 5*w - 3. Calculate l(b).
12
Let c(s) = -s**2 - 13*s - 2. Let h be c(4). Let w be (-48)/(-42)*(h/4)/(-5). Let j(x) = x**3 - 5*x**2 + 4*x. Calculate j(w).
0
Let i(l) = -4*l**2 + 8*l - 7. Let a(o) = 5*o**2 - 9*o + 9. Let q(t) = 3*a(t) + 4*i(t). Calculate q(3).
5
Suppose 3*n - 9 = -3*m, -n = 3*n - 8. Let j be (5 + -4)/(m + 0). Let o(i) = 2 - 4 - 3 - 3*i + j. Calculate o(-6).
14
Let l(n) = -11*n**3 - 29*n**2 - 7*n + 12. Let q(w) = -2 + 4*w**3 - 2 - 2*w**2 + 2*w + 0 + 12*w**2. Let x(d) = -3*l(d) - 8*q(d). Calculate x(-6).
2
Let r = 3 + 3. Suppose 28 = -10*t + r*t. Let s(f) = f + 1. Calculate s(t).
-6
Let g(y) = 5*y**2 + 4*y - 12. Let a(p) = 12*p**2 + 10*p - 24. Let j(l) = 2*a(l) - 5*g(l). What is j(0)?
12
Let x(w) be the second derivative of -w**5/20 + 5*w**4/12 + w**3/6 + 3*w**2/2 - 34*w. What is x(5)?
8
Let d(z) be the third derivative of -z**4/8 + 7*z**3/6 - z**2. Let y(r) = -2*r**2 + 7*r + 9. Let i be y(4). What is d(i)?
-8
Let t(s) = 2*s - 4. Let b be t(-6). Let a be (5/2)/((-8)/b). Let m(v) be the first derivative of v**2/2 + v - 2. Determine m(a).
6
Let n be (-4)/(-10) + 4/(-10). Let h(g) = g**3 + 3*g**2 + 22. Let p(f) = 2*f**3 + 5*f**2 + 40. Let t(y) = 5*h(y) - 3*p(y). What is t(n)?
-10
Suppose 5*j + 5*o - 26 = 54, 4*o = 16. Suppose j*r - 7*r = 3*r. Let w(x) = -x**2 + x - 1. What is w(r)?
-1
Let u(x) = -x - 1. Let o(k) = 9 + 7*k + 6 - 6. Suppose -5*w - 9 = -4. Let h(z) = w*o(z) - 6*u(z). What is h(-3)?
0
Suppose 86*o = 77*o + 18. Suppose -4 - 2 = -3*k. Let w(s) = -o + 0 + 2 + 6*s - s**k. Determine w(5).
5
Suppose -546 = -q - 547. Let m(z) be the first derivative of -7*z**2/2 - z + 1. What is m(q)?
6
Suppose -5*v + 4 = -16. Suppose 3*d - v*p + 4 = -1, -30 = -5*d - p. Suppose 2*y + y = l - 6, d*l = 3*y - 6. Let h(o) = -4*o - 4. Give h(y).
8
Let o(n) be the third derivative of 7*n**6/20 + n**4/12 + n**3/6 - 202*n**2. What is o(-1)?
-43
Let a(n) = -16*n**2 + 25*n - 46. Let h(k) be the third derivative of -k**5/20 + 5*k**4/24 - 3*k**3/2 + 17*k**2. Let z(c) = 2*a(c) - 11*h(c). Determine z(7).
21
Let s(y) = 0*y**2 - 3 - 2*y + 4*y**3 - 7*y**2 - 3*y**3 + 11*y**2. Let a = 2 - 7. Determine s(a).
-18
Let s be 4 - (2 - (-9)/3). Let q be ((-8)/(-2))/(s + 2). Let h(r) = 2*r + 4 - q. Give h(-1).
-2
Let w(c) = 2*c - 28. Let z = 1946 + -1929. Calculate w(z).
6
Let m = -16 + 18. Let q(f) = f**3 + 6*f**2 + 4*f - 3. Let r be q(-5). Let v(d) = -d**m - 47*d + d**3 - 1 - 3*d**r + 43*d. Determine v(5).
4
Let n(b) = b**2. Let p(g) = -3*g**2 - 5*g + 8. Let q(u) = 2*n(u) + p(u). What is q(-7)?
-6
Suppose -c - 1 = 7. Let l = c - -10. Let h(r) = -1 + 3*r**l - 5*r**2 + r**2 + 5*r. Give h(4).
3
Let d(x) = -2 - x - 3*x + 2*x. Let u be -4*(-30)/80*-2. Determine d(u).
4
Suppose 15 = a + 2*a. Let x(q) be the second derivative of -q**5/20 + 5*q**4/12 - q**3/6 + q**2/2 + 11*q + 2. Calculate x(a).
-4
Let c(i) be the third derivative of -i**4/24 - i**3/6 + 11*i**2 + 1. Let x be (-3)/12 + (-25)/(-4). Give c(x).
-7
Let c(v) = 4*v + 6. Suppose -3*o = -19 + 7. Let z(x) = -3*x - 6. Let l(k) = o*c(k) + 5*z(k). Determine l(3).
-3
Let z = 1 - 1. Suppose 5*t = -3*b - 33, z*b + 2*b = 2*t - 6. Let a(w) = w**2 + 5*w + 4. Let g(r) = -2*r**2 - 9*r - 8. Let s(l) = 5*a(l) + 2*g(l). What is s(b)?
-2
Let n(i) = -i + 10. Let v(q) = -3*q + 21. Let z be v(4). Give n(z).
1
Let t = -55 - -59. Let u = t - 11. Let z(o) = o**2 + 9*o + 2. Determine z(u).
-12
Let q(u) be the first derivative of -u**3/3 - 3*u**2/2 + 2*u + 1. Let c(d) = -d**2. Let t be c(0). Suppose t = -3*l + 4*m - 2, 0 = -2*m - 3 + 1. Give q(l).
4
Let g = -187 + 182. Let u(m) = -m**2 - 6*m + 6. Give u(g).
11
Let w(l) = -4*l - 2. Let b be 11 - 2 - 4 - -3. Suppose 3*h - b = 4. Suppose h = 4*d + 12. What is w(d)?
6
Let y be (-9)/15 + 1/((-10)/(-26)). Let h(z) = 3*z**3 - 2*z**3 + z - 2*z**2 + 8*z**y + 5 - 2. What is h(-6)?
-3
Let w(n) = 4 + 5*n**2 - n**3 - 4*n - 5 + 5. Let k = 22 - 23. Let u = 5 + k. Calculate w(u).
4
Let c(k) = -1 + 3*k - 2 - k**3 + k. Let j be 2*2*8/((-8)/5). Let x be 5*(4 - 4*(-18)/j). Calculate c(x).
-3
Let f = 5 - 2. Suppose 20 = 5*b - 15. Let l(k) = k - b*k + 5*k + 6 + 0. Give l(f).
3
Let c(j) be the first derivative of j**4/4 + 5*j**3/3 - 3*j**2 + 7*j - 96. Determine c(-6).
7
Let o(i) be the second derivative of -i**4/12 - i**3/6 + i**2 + 30*i. Let f = 1 + -4. Calculate o(f).
-4
Let o(a) = 6*a**2 + a + 1. Let u be o(-1). Let q(m) be the third derivative of m**5/60 - m**4/6 + 2*m**3/3 + 37*m**2. What is q(u)?
16
Let j(d) = d**3 + 6*d**2 + 5*d - 2. Suppose -52 = 31*q - 18*q. Give j(q).
10
Suppose -11*u - 46 = 9. Let h(p) = p**2 + 5*p + 3. Calculate h(u).
3
Let y(k) = 11*k**2 + 1 + 11*k**2 - 46*k**2 + k**3 + 19*k**2 + 2*k. Determine y(4).
-7
Let n(l) = l**3 + 9*l**2 + 10*l - 32. Let o be n(-7). Let j(w) = -w**3 - 4*w**2 - w - 4. Calculate j(o).
0
Suppose -4*h - 50 = -9*h + u, 0 = -h - 2*u + 21. Suppose 0 = -m + h - 9. Let z(g) = -2*g**3 + 3*g**2 - 1. What is z(m)?
-5
Suppose -5*c + 13 = -17. Let q = c - 3. Suppose 0 = 2*j - q*y - 3, 0 = 4*y - 16 + 4. Let m(z) = z - 13. Give m(j).
-7
Let w(x) = -5*x**3 + 19*x**2 + 18*x - 37. Let c(q) = q**3 - 5*q**2 - 4*q + 9. Let a(k) = 9*c(k) + 2*w(k). Give a(-6).
-29
Let l(h) be the first derivative of 1/3*h**3 + 6*h - 7 - 5/2*h**2. Suppose 4 = 2*b - 4. Give l(b).
2
Suppose 0 = -2*s + 5*b + 19, -s - 2*b = -2 + 15. Let q = 17 - -31. Let w(p) = 46*p - 98*p + q*p. Determine w(s).
12
Let p(s) = s**3 + 6*s**2 - 6*s + 10. Let d be p(-7). Suppose -d*m - 10 = 2*m. Let x(r) = -2*r**3 + r**2 - 2*r - 2. Determine x(m).
22
Let t(h) = -h**3 + 185*h**2 + 4 - 385*h**2 + 198*h**2 + 0*h**3. Calculate t(-3).
13
Suppose 6*b + 210 = -b. Let w = -28 - b. Let r be (-434)/84 + w/12. Let z(h) = -h**3 - 6*h**2 - 5*h + 7. Give z(r).
7
Suppose -23 - 7 = 10*d. Let v(k) = k**3 + 3*k**2 - 2*k + 1. Calculate v(d).
7
Suppose -3*h + 11*h + 3*h = 0. Let y(d) = 0*d**2 + 1 + d**2 + 2 + 3. Calculate y(h).
6
Let v(s) be the first derivative of s**4/12 - 5*s**3/6 + 26*s + 4. Let p(z) be the first derivative of v(z). Determine p(4).
-4
Let o(y) = -y**3 + 5*y**2 - 4*y - 1. Let x be (-2)/(-1)*76/(-8). Let n = 20 + x. Suppose h + h = 3*z - n, 4*h = 2*z + 10. What is o(z)?
5
Let m(b) be the second derivative of -5*b**3/3 - b**2/2 - 13*b - 3. Give m(-1).
9
Let t(i) = -i - 1. Let c(j) = j**2 - 3*j + 12. Let y be (-86)/129 + ((-2)/6)/1. Let b(s) = y*c(s) - 6*t(s). What is b(7)?
8
Let s(t) = -t**3 + t + 5. Let n be s(0). Suppose -2*c - 3*c = n*m - 10, 2*m = c - 2. Let y(j) = 0*j + 2 + j - 3 + m. What is y(0)?
-1
Let r(j) be the first derivative of -j**4/2 + j**3 + j**2 - 4*j - 57. Calculate r(3).
-25
Let s(n) = 2146*n + 2139*n + n**2 - 4279*n + 14. What is s(-6)?
14
Let r be -15*(-8)/24*(-1 - -4). Let v be (-6)/r + (-264)/40. Let u(s) = s + 4. What is u(v)?
-3
Let l(m) = -4*m**2 - m - 1. Suppose -2*j = -j - 5. Suppose 3*g - 5 = u + j*g, 0 = 5*g + 20. Suppose -5*i + 4*x = -u, -5*i = -5*x - 2 - 3. Determine l(i).
-4
Let z(f) be the second derivative of -f**5/20 - f**4/2 + 2*f**3/3 - 5*f**2/2 + 391*f. Give z(-7).
16
Suppose -17*r = -19*r - 34. Let q = 11 + r. Let w(b) = b**3 + 7*b**2 + 3*b - 7. What is w(q)?
11
Let h(a) = -a**2 - 5*a - 2. Let m be (0 - (-48)/22) + 2/(-11). Suppose -s + n - 7 = 0, -11 = m*s - 3*n + 4. Calculate h(s).
-8
Let f(k) = -k - 13. Let x(i) = i**2 + 11*i - 91. Let o be x(5). What is f(o)?
-2
Let q be (5 + (-15)/3)/(1/(-1)). Let i(f) = f**3 - 4. Calculate i(q).
-4
Let a(v) = -36*v**2 + 6*v**2 + 31*v**2 + 6 - 4*v. What is a(5)?
11
Suppose 0 = -4*k - 3*w - 49, -5*k - 2*w = -96 + 159. Let m(a) = -2*a - 16. Determine m(k).
10
Let p(k) = 3*k - 16. Let r be p(0). Let a = -3 - r. Suppose 8*x = 5 - a. Let q(m) = -m**2 + m + 1. Calculate q(x).
-1
Let z(c) = -c**3 - 3*c**2 + 2*c - 1. Suppose 7*o - 19 = -5. Suppose 0*f = -v - f - o, 0 = 2*v + 3*f + 4. What is z(v)?
-9
Suppose 45 = 4*p - 5*w, 3*w + 150 - 115 = 4*p. Let k(z) = -z**3 + 5*z**2 + 5*z + 5.